7552?
7
What is the millions digit of 117481330?
7
What is the hundreds digit of 21623208?
2
What is the units digit of 23391669?
9
What is the ten millions digit of 2484394031?
8
What is the tens digit of 5244283866?
6
What is the hundred thousands digit of 1666902186?
9
What is the millions digit of 132967656?
2
What is the millions digit of 224710573?
4
What is the hundred thousands digit of 2551483606?
4
What is the ten millions digit of 92263608?
9
What is the hundred millions digit of 593312434?
5
What is the hundreds digit of 2507921581?
5
What is the thousands digit of 4633748459?
8
What is the hundreds digit of 242147258?
2
What is the millions digit of 2344155125?
4
What is the tens digit of 1093013615?
1
What is the ten thousands digit of 203580278?
8
What is the hundred thousands digit of 3115992721?
9
What is the thousands digit of 779318117?
8
What is the hundreds digit of 705099061?
0
What is the millions digit of 439658848?
9
What is the thousands digit of 7855295?
5
What is the units digit of 108336996?
6
What is the millions digit of 1024742017?
4
What is the ten thousands digit of 29265859?
6
What is the ten thousands digit of 23013509?
1
What is the ten thousands digit of 1133225318?
2
What is the ten millions digit of 144393432?
4
What is the thousands digit of 18005226?
5
What is the billions digit of 1333015415?
1
What is the hundreds digit of 122230259?
2
What is the thousands digit of 234945804?
5
What is the tens digit of 143634335?
3
What is the hundred millions digit of 569139932?
5
What is the units digit of 213188467?
7
What is the hundred thousands digit of 8051903?
0
What is the ten millions digit of 34016183?
3
What is the units digit of 997099735?
5
What is the thousands digit of 243139671?
9
What is the ten thousands digit of 263835243?
3
What is the hundred millions digit of 977581744?
9
What is the hundred thousands digit of 50993534?
9
What is the hundreds digit of 49268318?
3
What is the hundred thousands digit of 70806405?
8
What is the ten thousands digit of 9483073?
8
What is the units digit of 935119547?
7
What is the ten millions digit of 3563598498?
6
What is the ten thousands digit of 1490146473?
4
What is the hundreds digit of 648679376?
3
What is the tens digit of 328503861?
6
What is the units digit of 273507066?
6
What is the thousands digit of 41542327?
2
What is the thousands digit of 47066691?
6
What is the ten thousands digit of 164117840?
1
What is the ten millions digit of 8482380547?
8
What is the ten thousands digit of 1293299481?
9
What is the millions digit of 749095860?
9
What is the tens digit of 344592951?
5
What is the millions digit of 4726501?
4
What is the ten millions digit of 34017559?
3
What is the tens digit of 97082565?
6
What is the units digit of 1436292?
2
What is the tens digit of 7755361952?
5
What is the hundred millions digit of 157122507?
1
What is the millions digit of 14350067?
4
What is the hundred thousands digit of 1755778452?
7
What is the tens digit of 46225347?
4
What is the millions digit of 2188895?
2
What is the hundred thousands digit of 22470914?
4
What is the ten thousands digit of 513942297?
4
What is the thousands digit of 1305325?
5
What is the hundreds digit of 11234548?
5
What is the ten millions digit of 21185603?
2
What is the ten thousands digit of 1233403890?
0
What is the thousands digit of 472568960?
8
What is the hundreds digit of 158287327?
3
What is the ten millions digit of 1030591794?
3
What is the units digit of 2115185?
5
What is the thousands digit of 8924713?
4
What is the ten millions digit of 59260247?
5
What is the ten thousands digit of 3742910967?
1
What is the units digit of 1243656952?
2
What is the hundreds digit of 507718525?
5
What is the hundred millions digit of 8519598366?
5
What is the hundred thousands digit of 56176076?
1
What is the thousands digit of 264884456?
4
What is the units digit of 919149443?
3
What is the hundred millions digit of 439663590?
4
What is the units digit of 1044005887?
7
What is the ten thousands digit of 5569420?
6
What is the thousands digit of 14393475?
3
What is the ten thousands digit of 277344994?
4
What is the ten millions digit of 2386904281?
8
What is the millions digit of 49647572?
9
What is the units digit of 58055836?
6
What is the ten thousands digit of 38557423?
5
What is the thousands digit of 141292870?
2
What is the hundred thousands digit of 30471686?
4
What is the hundreds digit of 55686977?
9
What is the units digit of 1678895322?
2
What is the ten millions digit of 5059311327?
5
What is the millions digit of 53607183?
3
What is the ten thousands digit of 290830375?
3
What is the ten millions digit of 1859768441?
5
What is the millions digit of 778764636?
8
What is the hundred millions digit of 207974656?
2
What is the ten thousands digit of 2739880906?
8
What is the units digit of 88527969?
9
What is the ten millions digit of 233617783?
3
What is the hundred millions digit of 758782394?
7
What is the ten millions digit of 23511824?
2
What is the hundred thousands digit of 487280494?
2
What is the ten millions digit of 60759608?
6
What is the hundred thousands digit of 120410488?
4
What is the units digit of 20353818?
8
What is the hundred millions digit of 101191737?
1
What is the tens digit of 19132145?
4
What is the hundreds digit of 1142711957?
9
What is the thousands digit of 52754556?
4
What is the tens digit of 1335088121?
2
What is the units digit of 27929841?
1
What is the hundreds digit of 300642483?
4
What is the ten millions digit of 2419868527?
1
What is the hundreds digit of 40310773?
7
What is the thousands digit of 1094063593?
3
What is the ten millions digit of 21025546?
2
What is the tens digit of 53387198?
9
What is the thousands digit of 8024610107?
0
What is the ten thousands digit of 295163115?
6
What is the millions digit of 217580334?
7
What is the units digit of 80446155?
5
What is the hundred thousands digit of 35173962?
1
What is the units digit of 17018660?
0
What is the hundred thousands digit of 1653760764?
7
What is the hundred millions digit of 110705444?
1
What is the hundreds digit of 1332480?
4
What is the ten millions digit of 96306056?
9
What is the hundred millions digit of 2076848289?
0
What is the hundred millions digit of 308545545?
3
What is the thousands digit of 411641404?
1
What is the millions digit of 232853554?
2
What is the ten millions digit of 102558222?
0
What is the hundreds digit of 20915376?
3
What is the units digit of 1490189581?
1
What is the ten millions digit of 332031179?
3
What is the hundred millions digit of 648539484?
6
What is the ten millions digit of 33343487?
3
What is the hundred millions digit of 266716426?
2
What is the hundred thousands digit of 44460735?
4
What is the millions digit of 9293491923?
3
What is the tens digit of 69964029?
2
What is the ten millions digit of 561106170?
6
What is the hundred thousands digit of 1213172?
2
What is the billions digit of 1445470243?
1
What is the hundreds digit of 4774186?
1
What is the thousands digit of 22254340?
4
What is the hundred thousands digit of 2176026830?
0
What is the hundred thousands digit of 1711411297?
4
What is the ten thousands digit of 258117397?
1
What is the ten millions digit of 31736725?
3
What is the hundred millions digit of 449100991?
4
What is the hundreds digit of 69254896?
8
What is the tens digit of 1986022055?
5
What is the units digit of 48455537?
7
What is the hundreds digit of 166703310?
3
What is the hundred thousands digit of 22910796?
9
What is the ten thousands digit of 28000852?
0
What is the hundreds digit of 3243511618?
6
What is the billions digit of 2370808101?
2
What is the units digit of 276720679?
9
What is the hundreds digit of 230326573?
5
What is the units digit of 110443654?
4
What is the ten thousands digit of 44451193?
5
What is the tens digit of 398792986?
8
What is the thousands digit of 4170424920?
4
What is the ten millions digit of 15609843?
1
What is the hundreds digit of 114295898?
8
What is the hundreds digit of 2513242?
2
What is the hundred thousands digit of 5579763?
5
What is the hundred thousands digit of 140601745?
6
What is the hundreds digit of 34205247?
2
What is the units digit of 2868